{"id":295,"date":"2021-09-30T18:37:10","date_gmt":"2021-09-30T18:37:10","guid":{"rendered":"https:\/\/dida-kleve.de\/?page_id=295"},"modified":"2024-02-27T17:42:11","modified_gmt":"2024-02-27T17:42:11","slug":"fragebogen-ausfuellen","status":"publish","type":"page","link":"https:\/\/dida-kleve.de\/?page_id=295","title":{"rendered":"Fragebogen ausf\u00fcllen:"},"content":{"rendered":"\n<h3 class=\"wp-block-heading has-text-align-center has-luminous-vivid-orange-color has-text-color\">Hier k\u00f6nnen Sie einen Fragebogen zum Projekt ausf\u00fcllen<\/h3>\n\n\n\n<h3 class=\"wp-block-heading has-text-align-center has-luminous-vivid-orange-color has-text-color\">und &#8211; wenn Sie m\u00f6chten &#8211; gleich anmelden:<\/h3>\n\n\n\n<hr class=\"wp-block-separator has-css-opacity is-style-wide\"\/>\n\n\n\n<p class=\"has-text-align-center wp-block-paragraph\"><strong><a href=\"https:\/\/www.service.grafstat.com\/dspstudi-t\/f\/dida1-sew\/index.htm\" target=\"_blank\" rel=\"noreferrer noopener\">https:\/\/www.service.grafstat.com\/dspstudi-t\/f\/dida1-sew\/index.htm<\/a><\/strong><\/p>\n\n\n\n<div class=\"wp-block-columns is-layout-flex wp-container-core-columns-is-layout-8f761849 wp-block-columns-is-layout-flex\">\n<div class=\"wp-block-column is-layout-flow wp-block-column-is-layout-flow\" style=\"flex-basis:100%\">\n<div class=\"wp-block-columns is-layout-flex wp-container-core-columns-is-layout-8f761849 wp-block-columns-is-layout-flex\">\n<div class=\"wp-block-column is-layout-flow wp-block-column-is-layout-flow\" style=\"flex-basis:100%\">\n<div class=\"wp-block-group\"><div class=\"wp-block-group__inner-container is-layout-flow wp-block-group-is-layout-flow\">\n<div class=\"wp-block-media-text alignwide is-stacked-on-mobile\" style=\"grid-template-columns:21% auto\"><figure class=\"wp-block-media-text__media\"><img loading=\"lazy\" decoding=\"async\" width=\"240\" height=\"240\" src=\"https:\/\/dida-kleve.de\/wp-content\/uploads\/2021\/09\/qr-dida-sew-1.bmp\" alt=\"\" class=\"wp-image-322 size-full\"\/><\/figure><div class=\"wp-block-media-text__content\">\n<p class=\"has-medium-font-size wp-block-paragraph\"><strong><span style=\"color:#0693e3\" class=\"tadv-color\">Mit einem Smartphone (einem neueren Handy) k\u00f6nnen Sie dieses Bild <\/span><span style=\"color:#ff6900\" class=\"tadv-color\">scannen<\/span><span style=\"color:#0693e3\" class=\"tadv-color\"> und den Fragenbogen sofort <\/span><span style=\"color:#ff6900\" class=\"tadv-color\">online <\/span><span style=\"color:#0693e3\" class=\"tadv-color\">bearbeiten!<\/span><\/strong><\/p>\n<\/div><\/div>\n<\/div><\/div>\n\n\n\n<p class=\"wp-block-paragraph\"><\/p>\n<\/div>\n<\/div>\n<\/div>\n<\/div>\n\n\n\n<hr class=\"wp-block-separator has-css-opacity is-style-wide\"\/>\n\n\n<style>.wp-block-kadence-column.kb-section-dir-horizontal > .kt-inside-inner-col > .kt-info-box295_73834c-e0 .kt-blocks-info-box-link-wrap{max-width:unset;}.kt-info-box295_73834c-e0 .kt-blocks-info-box-link-wrap{border-top:5px solid #eeeeee;border-right:5px solid #eeeeee;border-bottom:5px solid #eeeeee;border-left:5px solid #eeeeee;border-top-left-radius:20px;border-top-right-radius:20px;border-bottom-right-radius:20px;border-bottom-left-radius:20px;background:#ffffff;padding-top:24px;padding-right:24px;padding-bottom:24px;padding-left:24px;}.kt-info-box295_73834c-e0 .kt-blocks-info-box-link-wrap:hover{background:#ffffff;}.kt-info-box295_73834c-e0 .kadence-info-box-icon-container .kt-info-svg-icon, .kt-info-box295_73834c-e0 .kt-info-svg-icon-flip, .kt-info-box295_73834c-e0 .kt-blocks-info-box-number{font-size:50px;}.kt-info-box295_73834c-e0 .kt-blocks-info-box-media{color:#444444;background:#ffffff;border-color:#eeeeee;border-radius:200px;overflow:hidden;border-top-width:5px;border-right-width:5px;border-bottom-width:5px;border-left-width:5px;padding-top:20px;padding-right:20px;padding-bottom:20px;padding-left:20px;margin-top:0px;margin-right:20px;margin-bottom:0px;margin-left:0px;}.kt-info-box295_73834c-e0 .kt-blocks-info-box-media .kadence-info-box-image-intrisic img{border-radius:200px;}.kt-info-box295_73834c-e0 .kt-blocks-info-box-link-wrap:hover .kt-blocks-info-box-media{color:#444444;background:#ffffff;border-color:#eeeeee;}.kt-info-box295_73834c-e0 .kt-infobox-textcontent h2.kt-blocks-info-box-title{padding-top:0px;padding-right:0px;padding-bottom:0px;padding-left:0px;margin-top:5px;margin-right:0px;margin-bottom:10px;margin-left:0px;}.kt-info-box295_73834c-e0 .kt-infobox-textcontent .kt-blocks-info-box-text{color:#0693e3;}.kt-info-box295_73834c-e0 .kt-blocks-info-box-learnmore{background:transparent;border-color:#555555;border-width:0px 0px 0px 0px;padding-top:4px;padding-right:8px;padding-bottom:4px;padding-left:8px;margin-top:10px;margin-right:0px;margin-bottom:10px;margin-left:0px;}.kt-info-box295_73834c-e0 .kt-blocks-info-box-link-wrap:hover .kt-blocks-info-box-learnmore,.kt-info-box295_73834c-e0 .kt-blocks-info-box-link-wrap .kt-blocks-info-box-learnmore:focus{color:#ffffff;background:#444444;border-color:#444444;}@media all and (max-width: 1024px){.kt-info-box295_73834c-e0 .kt-blocks-info-box-link-wrap{border-top:5px solid #eeeeee;border-right:5px solid #eeeeee;border-bottom:5px solid #eeeeee;border-left:5px solid #eeeeee;}}@media all and (max-width: 767px){.kt-info-box295_73834c-e0 .kt-blocks-info-box-link-wrap{border-top:5px solid #eeeeee;border-right:5px solid #eeeeee;border-bottom:5px solid #eeeeee;border-left:5px solid #eeeeee;}}<\/style>\n<div class=\"wp-block-kadence-infobox kt-info-box295_73834c-e0\"><a class=\"kt-blocks-info-box-link-wrap info-box-link kt-blocks-info-box-media-align-left kt-info-halign-center\" href=\"https:\/\/www.service.grafstat.com\/dspstudi-t\/f\/dida1-sew\/index.htm\"><div class=\"kt-infobox-textcontent\"><p class=\"kt-blocks-info-box-text\"><strong>Sie k\u00f6nnen den Fragebogen herunterladen, oder aber den Link oben benutzen, um ihn am Bildschirm direkt auszuf\u00fcllen.<\/strong><br\/>In der folgenden Box k\u00f6nnen Sie sich den Fragebogen auch schon in Ruhe ansehen und ihn dann downloaden, ausdrucken und per Mail zuschicken.<\/p><\/div><\/a><\/div>\n\n\n\n<hr class=\"wp-block-separator has-css-opacity is-style-wide\"\/>\n\n\n\n<div data-wp-interactive=\"core\/file\" class=\"wp-block-file\"><object data-wp-bind--hidden=\"!state.hasPdfPreview\" hidden class=\"wp-block-file__embed\" data=\"https:\/\/dida-kleve.de\/wp-content\/uploads\/2024\/02\/Fragebogen-ab-Fruehjahr-24.pdf\" type=\"application\/pdf\" style=\"width:100%;height:600px\" aria-label=\"Einbettung von Fragebogen-ab-Fruehjahr-24.\"><\/object><a id=\"wp-block-file--media-e8d8cd24-0362-45a0-844a-192940cea093\" href=\"https:\/\/dida-kleve.de\/wp-content\/uploads\/2024\/02\/Fragebogen-ab-Fruehjahr-24.pdf\">Fragebogen-ab-Fruehjahr-24<\/a><\/div>\n\n\n\n<div class=\"wp-block-buttons is-layout-flex wp-block-buttons-is-layout-flex\">\n<div class=\"wp-block-button has-custom-width wp-block-button__width-100 has-custom-font-size is-style-fill has-large-font-size\"><a class=\"wp-block-button__link has-luminous-vivid-orange-color has-text-color has-background wp-element-button\" href=\"https:\/\/www.service.grafstat.com\/dspstudi-t\/f\/dida1-sew\/index.htm\" style=\"border-radius:33px;background-color:#cedfe9\" rel=\"https:\/\/www.service.grafstat.com\/dspstudi-t\/f\/dida1-sew\/index.htm\"><strong>Zum Fragebogen<\/strong><\/a><\/div>\n<\/div>\n","protected":false},"excerpt":{"rendered":"<p>Hier k\u00f6nnen Sie einen Fragebogen zum Projekt ausf\u00fcllen und &#8211; wenn Sie m\u00f6chten &#8211; gleich anmelden: https:\/\/www.service.grafstat.com\/dspstudi-t\/f\/dida1-sew\/index.htm Mit einem Smartphone (einem neueren Handy) k\u00f6nnen Sie dieses Bild scannen und den [&hellip;]<\/p>\n","protected":false},"author":1,"featured_media":0,"parent":0,"menu_order":0,"comment_status":"closed","ping_status":"closed","template":"fullwidth-page.php","meta":{"_crdt_document":"","footnotes":""},"class_list":["post-295","page","type-page","status-publish","hentry"],"_links":{"self":[{"href":"https:\/\/dida-kleve.de\/index.php?rest_route=\/wp\/v2\/pages\/295","targetHints":{"allow":["GET"]}}],"collection":[{"href":"https:\/\/dida-kleve.de\/index.php?rest_route=\/wp\/v2\/pages"}],"about":[{"href":"https:\/\/dida-kleve.de\/index.php?rest_route=\/wp\/v2\/types\/page"}],"author":[{"embeddable":true,"href":"https:\/\/dida-kleve.de\/index.php?rest_route=\/wp\/v2\/users\/1"}],"replies":[{"embeddable":true,"href":"https:\/\/dida-kleve.de\/index.php?rest_route=%2Fwp%2Fv2%2Fcomments&post=295"}],"version-history":[{"count":21,"href":"https:\/\/dida-kleve.de\/index.php?rest_route=\/wp\/v2\/pages\/295\/revisions"}],"predecessor-version":[{"id":1414,"href":"https:\/\/dida-kleve.de\/index.php?rest_route=\/wp\/v2\/pages\/295\/revisions\/1414"}],"wp:attachment":[{"href":"https:\/\/dida-kleve.de\/index.php?rest_route=%2Fwp%2Fv2%2Fmedia&parent=295"}],"curies":[{"name":"wp","href":"https:\/\/api.w.org\/{rel}","templated":true}]}}